se 7.
-4
Convert -2a (base 11) to base 14.
-24
100 (base 3) to base 9
10
Convert -3 (base 16) to base 7.
-3
-411 (base 7) to base 14
-108
-2 (base 14) to base 16
-2
-10 (base 12) to base 6
-20
-322 (base 8) to base 4
-3102
-222 (base 4) to base 16
-2a
Convert -1 (base 5) to base 15.
-1
Convert 332 (base 5) to base 6.
232
What is 0 (base 2) in base 11?
0
Convert -20110 (base 3) to base 7.
-336
What is 0 (base 10) in base 2?
0
What is -10001100 (base 2) in base 3?
-12012
-54 (base 11) to base 14
-43
2 (base 4) to base 13
2
Convert 0 (base 12) to base 14.
0
5 (base 15) to base 3
12
-1 (base 16) to base 8
-1
Convert 210 (base 3) to base 4.
111
-77 (base 11) to base 6
-220
Convert 124 (base 13) to base 3.
21101
-1 (base 7) to base 10
-1
What is 4 (base 10) in base 8?
4
Convert 54 (base 12) to base 15.
44
2e (base 16) to base 4
232
What is 5 (base 7) in base 11?
5
Convert -1 (base 5) to base 2.
-1
-5 (base 13) to base 6
-5
What is -14 (base 11) in base 7?
-21
Convert -1 (base 10) to base 13.
-1
What is -4 (base 15) in base 10?
-4
Convert -1 (base 3) to base 2.
-1
1010 (base 2) to base 10
10
-2 (base 10) to base 12
-2
-56 (base 16) to base 7
-152
Convert -27 (base 8) to base 15.
-18
What is -26 (base 15) in base 6?
-100
What is -3 (base 8) in base 9?
-3
15 (base 7) to base 10
12
-3 (base 7) to base 13
-3
320 (base 4) to base 5
211
Convert -19 (base 11) to base 5.
-40
11 (base 16) to base 6
25
-5 (base 15) to base 11
-5
What is 4 (base 9) in base 5?
4
What is 13 (base 10) in base 6?
21
6 (base 10) to base 12
6
-3 (base 6) to base 16
-3
-52 (base 8) to base 2
-101010
1111 (base 2) to base 7
21
163 (base 13) to base 5
2000
22 (base 6) to base 2
1110
What is -11 (base 7) in base 5?
-13
Convert -243 (base 9) to base 2.
-11001001
-30 (base 9) to base 2
-11011
-31 (base 14) to base 2
-101011
Convert 2c (base 14) to base 10.
40
44 (base 8) to base 2
100100
What is -330 (base 5) in base 4?
-1122
1200 (base 3) to base 11
41
Convert 29 (base 13) to base 3.
1022
Convert 76 (base 13) to base 7.
166
-56 (base 15) to base 4
-1101
-35 (base 7) to base 11
-24
-35 (base 11) to base 10
-38
Convert 16 (base 16) to base 12.
1a
-2 (base 16) to base 9
-2
1 (base 14) to base 8
1
What is -185 (base 12) in base 14?
-137
0 (base 5) to base 10
0
What is 20 (base 12) in base 15?
19
-2 (base 16) to base 3
-2
What is 3 (base 15) in base 2?
11
Convert -1002 (base 3) to base 4.
-131
Convert -20 (base 3) to base 9.
-6
-204 (base 5) to base 11
-4a
10 (base 10) to base 3
101
-288 (base 11) to base 12
-242
Convert 4 (base 14) to base 5.
4
What is -14 (base 5) in base 9?
-10
Convert 4 (base 7) to base 12.
4
What is -155 (base 10) in base 6?
-415
-34 (base 15) to base 9
-54
-7 (base 15) to base 8
-7
What is c (base 16) in base 4?
30
What is 0 (base 15) in base 9?
0
Convert 22 (base 9) to base 7.
26
Convert -3 (base 4) to base 5.
-3
-1111001 (base 2) to base 10
-121
What is -13 (base 15) in base 10?
-18
Convert 1010 (base 4) to base 2.
1000100
Convert -30 (base 14) to base 10.
-42
What is -4 (base 7) in base 8?
-4
11 (base 12) to base 16
d
104 (base 7) to base 15
38
Convert -3b (base 14) to base 4.
-311
e (base 16) to base 6
22
-13 (base 16) to base 3
-201
Convert -1 (base 12) to base 2.
-1
21 (base 16) to base 2
100001
Convert -13 (base 15) to base 10.
-18
What is -10000100 (base 2) in base 9?
-156
-13 (base 6) to base 8
-11
What is -10 (base 4) in base 6?
-4
Convert 28 (base 11) to base 13.
24
What is -212 (base 5) in base 3?
-2010
Convert 10 (base 5) to base 12.
5
-36 (base 7) to base 9
-30
What is 4d (base 15) in base 16?
49
What is -6 (base 8) in base 14?
-6
What is 2 (base 9) in base 8?
2
What is -51 (base 13) in base 8?
-102
What is -21 (base 6) in base 12?
-11
-1 (base 4) to base 13
-1
-441 (base 7) to base 9
-270
What is 17 (base 14) in base 3?
210
Convert 33 (base 4) to base 13.
12
Convert 0 (base 9) to base 11.
0
33 (base 16) to base 10
51
What is -222 (base 3) in base 4?
-122
-26 (base 14) to base 13
-28
-3 (base 9) to base 6
-3
What is -77 (base 10) in base 5?
-302
1 (base 11) to base 2
1
What is -34 (base 15) in base 6?
-121
-1 (base 15) to base 4
-1
Convert b (base 16) to base 2.
1011
1 (base 10) to base 15
1
What is -54 (base 7) in base 12?
-33
What is -3 (base 7) in base 11?
-3
Convert -34 (base 6) to base 12.
-1a
What is -6b (base 13) in base 6?
-225
-6 (base 11) to base 3
-20
-1 (base 5) to base 7
-1
What is 1 (base 5) in base 7?
1
-5 (base 6) to base 4
-11
0 (base 12) to base 11
0
What is -1 (base 7) in base 6?
-1
What is -21 (base 6) in base 3?
-111
What is -14 (base 5) in base 16?
-9
-4 (base 14) to base 15
-4
What is 11 (base 9) in base 4?
22
Convert -1 (base 5) to base 15.
-1
Convert 0 (base 11) to base 16.
0
1a (base 15) to base 2
11001
Convert 40 (base 5) to base 6.
32
Convert 116 (base 10) to base 2.
1110100
What is -14 (base 11) in base 3?
-120
Convert -208 (base 13) to base 7.
-1003
2213 (base 4) to base 11
142
What is -d (base 15) in base 10?
-13
Convert -1d (base 15) to base 7.
-40
Convert 0 (base 3) to base 11.
0
20 (base 16) to base 10
32
What is 1 (base 4) in base 7?
1
What is -2 (base 15) in base 7?
-2
64 (base 15) to base 14
6a
5 (base 11) to base 13
5
-1 (base 11) to base 7
-1
Convert 13 (base 6) to base 16.
9
Convert 2 (base 10) to base 15.
2
-2 (base 7) to base 5
-2
Convert -10010 (base 2) to base 5.
-33
-35 (base 10) to base 11
-32
-b0 (base 14) to base 3
-12201
What is -22 (base 11) in base 5?
-44
-42 (base 7) to base 2
-11110
-12 (base 8) to base 10
-10
c (base 14) to base 13
c
What is 14 (base 6) in base 3?
101
-23 (base 6) to base 13
-12
-10 (base 2) to base 4
-2
-420 (base 8) to base 16
-110
-52 (base 14) to base 10
-72
Convert -32 (base 8) to base 5.
-101
Convert -73 (base 15) to base 2.
-1101100
Convert -339 (base 10) to base 8.
-523
What is 58 (base 11) in base 14?
47
What is -202 (base 4) in base 3?
-1021
20 (base 7) to base 5
24
What is -8 (base 12) in base 16?
-8
-13 (base 6) to base 16
-9
Convert -2 (base 13) to base 16.
-2
-153 (base 13) to base 5
-1422
What is -141 (base 10) in base 6?
-353
What is -1 (base 12) in base 3?
-1
What is 72 (base 14) in base 5?
400
What is -1 (base 4) in base 2?
-1
What is -43 (base 5) in base 3?
-212
What is 6 (base 16) in base 5?
11
Convert -3 (base 6) to base 15.
-3
0 (base 13) to base 10
0
a (base 13) to base 16
a
Convert 26 (base 11) to base 14.
20
What is 8 (base 16) in base 8?
10
What is -163 (base 16) in base 8?
-543
50 (base 12) to base 15
40
Convert 18 (base 9) to base 11.
16
-2 (base 11) to base 6
-2
-33 (base 11) to base 14
-28
45 (base 7) to base 2
100001
Convert 0 (base 11) to base 7.
0
What is -1 (base 14) in base 13?
-1
14 (base 7) to base 15
b
Convert -1 (base 6) to base 10.
-1
-1 (base 7) to base 9
-1
10 (base 8) to base 6
12
Convert -167 (base 12) to base 5.
-1343
Convert -121 (base 7) to base 10.
-64
What is 2 (base 5) in base 3?
2
What is c3 (base 16) in base 4?
3003
What is 20 (base 16) in base 4?
200
Convert -1a (base 11) to base 9.
-23
2 (base 15) to base 8
2
Convert -10100 (base 2) to base 12.
-18
Convert 1 (base 3) to base 11.
1
Convert 1 (base 14) to base 2.
1
What is -2a (base 13) in base 11?
-33
d (base 15) to base 13
10
Convert -19 (base 14) to base 16.
-17
Convert 22 (base 9) to base 11.
19
What is -304 (base 7) in base 12?
-107
What is b (base 14) in base 4?
23
Convert -13 (base 4) to base 2.
-111
8b (base 15) to base 12
ab
What is -7 (base 13) in base 15?
-7
What is -2 (base 9) in base 14?
-2
-49 (base 14) to base 11
-5a
Convert -3 (base 12) to base 2.
-11
Convert 34 (base 15) to base 16.
31
Convert -a (base 16) to base 9.
-11
Convert -2100 (base 3) to base 5.
-223
Convert -1f (base 16) to base 12.
-27
-1 (base 9) to base 8
-1
What is -c (base 15) in base 5?
-22
Convert 1 (base 15) to base 3.
1
Convert -161 (base 11) to base 7.
-356
Convert 153 (base 9) to base 4.
2001
-102 (base 5) to base 9
-30
What is -a9 (base 13) in base 9?
-164
-12 (base 11) to base 7
-16
-32 (base 13) to base 3
-1112
-5 (base 15) to base 12
-5
Convert 15 (base 16) to base 14.
17
Convert -3 (base 14) to base 15.
-3
-206 (base 7) to base 6
-252
What is -1 (base 4) in base 2?
-1
Convert -13 (base 8) to base 10.
-11
What is 3 (base 11) in base 2?
11
What is 8 (base 14) in base 12?
8
What is -8 (base 9